0 + 23?
2
Evaluate 34 - (-4 - (22 - 48)).
12
Calculate 37 + (-48 - -32 - 17).
4
Calculate -68 + 70 - (6 - (2 - 0)) - -14.
12
What is -121 + 124 - (-3 + 3)?
3
What is the value of (1 - -2) + (0 - -8) + -18?
-7
Evaluate 13 - (-3 - (-26 - -14)).
4
Calculate -1 - -1 - ((-33 - -41) + 20).
-28
What is the value of 31 - 27 - (-12 - (-8 - -4))?
12
What is the value of 12 - (-2 + -17 + 30)?
1
9 + (-12 - 11) + 18 - -7
11
Calculate (28 - 57) + 1 + 5.
-23
Evaluate (11 + -13 - -15) + -5 + -1 + -21.
-14
Calculate (-5 - -16) + -9 + -9 + 1.
-6
What is -8 - ((-3 - 13) + 9 + 4)?
-5
What is the value of -19 + 1 + -3 + (-6 - -11)?
-16
Calculate (35 - 93 - -61) + (-2 - -13).
14
Calculate (-12 - (7 + -4)) + -1 + 5.
-11
Calculate -2 + -23 - (8 + -13 + 1).
-21
What is the value of 19 + -2 + -9 - (4 - -4)?
0
Calculate -10 - (-2 + -1) - (8 - 10).
-5
Evaluate (25 - (11 - -31)) + 7.
-10
What is the value of -17 + 4 + (17 - 14)?
-10
Evaluate 8 + -17 + 21 + -19.
-7
0 + (-9 - -7 - -1) - (0 - -2)
-3
What is -7 - (-2 + -4 - -5) - (-4 - 1)?
-1
(6 - -20) + -24 + 1 + -4
-1
What is the value of (-1 - -1 - (-57 - -65)) + 0?
-8
What is the value of (8 - (11 - 10) - -3) + -35?
-25
Calculate 33 + -22 + -5 + -2 - (1 - 3).
6
What is the value of (8 - -10) + -21 - 6?
-9
Calculate -41 + 2 - (-264 + 215).
10
Calculate 28 + -17 + 21 + -22.
10
-10 - 8 - (5 + -16 - 2)
-5
Calculate 13 + -48 + 11 + 24.
0
Calculate -20 + 3 - ((-14 - -8) + -4 + 5).
-12
What is the value of (5 + -2 + -2 - -5) + -3?
3
-2 + -5 + (-32 - -36) - 7
-10
9 + -23 - (7 - 27)
6
What is the value of 4 + ((-8 - 4) + 17 - (-1 - -5))?
5
What is the value of (1 - (-15 + 12)) + (-4 - -10)?
10
What is 3 + 15 + -10 + -8 + 9 + -10?
-1
What is the value of 7 + 3 + -11 + (-4 - (-22 - 14))?
31
Calculate 9 + (9 - 4 - (4 + -5)).
15
Evaluate -6 + (9 - (-1 + 2)) - -16.
18
Calculate -2 + 2 + 2 + 0 + 619 + -604.
17
What is -25 + 19 + -28 + 63?
29
What is 7 + 2 + 0 + -18?
-9
Evaluate 4 - (6 + -14 - 0).
12
-35 + (-26 - -40) + -6
-27
What is -1 - (5 - (9 - 8)) - -1?
-4
Evaluate 612 + -604 - ((28 - 0) + 4 + -2).
-22
What is the value of 1 + -5 - (-1 - (-4 - -10))?
3
Calculate -15 + 1 + -32 + 39 - -3.
-4
What is 7 + (1 - 33 - -9 - 4)?
-20
Evaluate -2 - ((-3 - 2) + -1 + (-39 - -45)).
-2
Calculate 12 + (-3 - -1) - (48 + 6 - 17).
-27
Calculate 14 + 34 + 4 + -10 + -4.
38
(4 - -19) + -24 - 1
-2
What is 4 + (-3 - -6) - (1 - (-3 + 0))?
3
What is -78 + 79 + -1 + -1?
-1
Evaluate 6 + -25 + -6 + 7.
-18
Calculate (-19 - -26 - 6 - 10) + -7.
-16
Calculate -7 - -14 - -7 - (7 - 1).
8
Calculate 1 + (1 - 2 - -14).
14
What is the value of (-317 - -296) + (-1 - (1 + 11) - -1)?
-33
What is 37 - (-18 - (-73 - -43))?
25
What is -2 + -2 + (7 - 28) + 21 + 25?
21
What is the value of -4 + (-8 - -19 - 7)?
0
(30 - -2) + -34 + -2 + 0
-4
Evaluate -19 + -4 + 3 + 11 + -12 + 4.
-17
Calculate -882 + 891 + (0 - -7).
16
Evaluate -1 - -2 - ((-6 - -4) + 0 + 5).
-2
What is (28 - 7) + -30 - (-8 - 0)?
-1
What is the value of -5 + -1 + 10 - 7?
-3
What is the value of -7 + (8 + 1 - (-11 - -30 - 17))?
0
3 - -9 - 2 - (24 + -13 + -18)
17
(31 - 10) + 8 - 13
16
What is the value of -2 + 1 + -4 + (32 - 38)?
-11
Calculate (-2 - -16) + (25 - (-9 - -22)).
26
14 - (-2 + 4) - 16
-4
Evaluate (-18 - -74) + -25 + -19.
12
What is -4 + 1 + -4 - (1 + 14 + -37)?
15
Evaluate 14 + 11 + (-23 - 9).
-7
What is the value of (-103 - -110) + 0 + -18 + 4?
-7
What is the value of (217 - 210) + -4 + (-2 - -2)?
3
Evaluate -18 - (-70 - -26) - 11.
15
What is the value of -2 + 10 + (-10 - 5) + 7?
0
What is (13 - -2) + 12 + -44?
-17
-8 - (-9 - (-3 - 10))
-12
What is -6 - (-14 - (6 - 26))?
-12
What is the value of 11 + (-19 + 11 - 2) - (2 + -24)?
23
Calculate 16 - (-14 + 23) - (1 - -18).
-12
Calculate 21 + -25 - -13 - (1 + 18).
-10
Evaluate 21 + 2 + -80 + 30.
-27
Calculate 17 + -49 + 27 + (-4 + 2 - -7).
0
What is the value of -846 + 850 - (-2 + -12)?
18
Calculate (-4 - -1) + (-13 - -9).
-7
Evaluate 6 - (-27 - -22 - -13).
-2
Calculate 0 - 2 - (130 + -141).
9
Calculate -5 + (12 - 2) + (0 - 2) + 3.
6
Evaluate -5 - 3 - (-3 + (8 - 8) + -3).
-2
Calculate (-9 - 21) + 17 + 2.
-11
What is 6 + -21 + (9 - 1) + (-6 - -2)?
-11
21 + (-7 - -15 - 37)
-8
Calculate -29 + (30 - (52 - 21)).
-30
What is 16 - (13 - 6) - (0 + 0)?
9
-16 + -9 + 34 - (-1 + 7)
3
What is the value of -12 + (11 - (16 - 10)) - -14?
7
Evaluate 27 + 21 + -14 + -12.
22
Calculate 61 - 32 - (-26 - -29).
26
What is the value of (11 - 14) + -5 - (3 + 2)?
-13
Calculate (-36 - (9 - 28)) + 12.
-5
What is (52 - 44) + (2 - 7)?
3
Evaluate -13 + (17 - -1) - (10 - 1).
-4
-12 + -9 + 1 + 38
18
Evaluate -18 + (-3 - -13) - -4 - 6 - 5.
-15
2 + -5 + (12 - 9)
0
Evaluate -21 + 2 + 5 + 13.
-1
What is the value of 67 - 70 - (0 - 0) - (0 - 0)?
-3
What is -1 + (-7 + 10 - 2) + 10 + 0?
10
Evaluate -2 + -1 - (40 + -39 + (8 - 1)).
-11
Evaluate -43 + 7 - -41 - 18.
-13
What is (-102 + 109 - (1 + -6)) + 5?
17
Calculate (21 - (-21 - -33)) + -2.
7
Evaluate 6 - (8 + 0) - (-5 - -3) - -8.
8
Calculate -2 + (-1 - (1 + -16) - (-6 - -10)).
8
What is the value of -16 + 18 + -11 - 3?
-12
What is the value of -5 + (-19 - -25) + -13 + 1?
-11
11 + (-1 - (13 + -2)) + 3
2
Evaluate 3 + 9 + (-56 - -51).
7
(6 - -9) + (3 - 11) - 11
-4
What is 15 - 9 - -7 - 5?
8
Calculate (12 - 7) + -11 - (-1 + (1 - 3)).
-3
Calculate -4 + -6 + -1 + -3 + 9.
-5
44 + (-38 + -3 - -14)
17
((33 - 3) + 4 - 12) + -2
20
Calculate (0 - -2) + -185 + 176.
-7
Evaluate 9 + (0 - -12) + 6 + -15.
12
21 + -7 + -11 + 3
6
Evaluate (6 - 7 - 5) + -14 + -8.
-28
Calculate 27 - ((-24 - -24) + 16).
11
Calculate 7 + 0 + 0 - (8 - -3 - -2).
-6
Calculate 35 + (29 - -9 - 74).
-1
Evaluate 20 + (0 - -1) + 5 + 47 + -48.
25
What is -30 - (27 - (-7 - -58))?
-6
(-1 - -6) + 1 + (-8 - (13 - 15))
0
Evaluate 8 + 3 + -12 + -1 + 32 + -23.
7
(-362 - -349) + (-2 + -2 - -2)
-15
Calculate 0 + (13 - 3 - 7) + 3.
6
Evaluate 4 + -7 - (4 + -8) - 4.
-3
What is the value of (-7 - 28) + (-19 - -38)?
-16
Evaluate -2 + (-14 - -26) - 16.
-6
What is the value of -4 + 6 - (17 + 3 + -5)?
-13
Evaluate -30 - -17 - 3 - (3 - 6).
-13
Calculate (-4 - -45) + -4 - 11.
26
What is the value of -129 - -95 - (-27 + 1)?
-8
-10 - (18 + -12 - 3)
-13
Calculate 6 - 4 - (43 - 18).
-23
17 - (2 - 0) - (7 - 3)
11
What is 2 + (4 - -3) + (-12 - -5 - -7)?
9
What is the value of -7 + -1 - ((0 - 6) + 9 + -4)?
-7
What is 2 + -1 + (-3 + 8 - (-11 - -11))?
6
What is the value of (2 + -7 - -36 - 7) + -10?
14
What is the value of 12 - (31 + (6 - 20))?
-5
What is -14 + -1 + 0 - (103 + -106)?
-12
Evaluate 0 - -3 - -5 - (22 + 6) - 6.
-26
What is 26 - (25 + (11 - 33))?
23
Calculate (11 - (3 - -4) - 3 - -2) + 11.
14
Evaluate (-106 - -77) + (-5 - -16).
-18
Evaluate -192 + 184 - (-27 + (4 - 0)).
15
What is (-7 - (0 - 2)) + (-26 - -25)?
-6
2 + 1 + 1 + (3 - 4 - -3)
6
Calculate -7 + (12 - (-7 - -8)) + -13.
-9
(9 - -3) + -4 - -6
14
What is (8 + -9 + 23 - -7) + -8?
21
-2 + -1 + 23 + (1352 - 1359)
13
Calculate -10 + 1 - ((38 - -8) + -50).
-5
Evaluate -12 + 5 - (6 + 1 + -2).
-12
What is 11 - (42 + (5 - (2 + 6))) - 3?
-31
Calculate -17 - (-2 - 2 - -2 - 3).
-12
13 + -8 - (12 + -2) - (2 - 8)
1
What is the value of (-17 + 6 - -5) + 11?
5
What is -15 + 29 + (8 - 11 - (0 - 1))?
12
8 + 5 + -16 + 8
5
-40 - (-23 - (24 - 8))
-1
What is 11 + 4 - (-6 + (-3 - 7) + 7)?
24
Calculate (-13 - -2) + 5 - (-5 + -3).
2
Evaluate 2 - -7 - (-6 - -9) - 4.
2
Evaluate 12 + -33 + 24 + -1 + -8.
-6
What is 1 + 5 - (14 - (32 - 36))?
-12
Evaluate 13 - (-7 + 8 - 3 - 3).
18
What is the value of 3 + (3 + 0 - (16 + (-11 - 5)))?
6
What is the value of (-15 + -2 - (62 - 70)) + 1?
-8
(0 + 2 - 5 - (1 + 0)) + -7
-11
Evaluate 5 + (-14 - -11) - 19.
-17
-10 - ((-5 - 0 - 2) + 1 + 5)
-9
What is (2 + 1 - 17) + (8 - -3)?
-3
What is -4 - -17 - -33 - (1 - -13)?
32
(6 - 2 - (21 - 28)) + -5
6
What is the value of 6 + -25 + 12 + -12?
-19
What is -31 - (-30 - (31 - 60))?
-30
What is 46 - (-5 + 41 - -41)?
-31
Calculate -7 + (0 - 7) + 6 + -69 + 51.
-26
What is the value of (4 - (2 + -3)) + 8 + (-1 - -2)?
14
What is the value of 1 + 16 + 11 + -18 + 8?
18
What is the value of -8 - (-17 + (-6 - -11 - 1))?
5
(-3 - 6) + 6 - (-11 - -3)
5
Calculate 4 + -21 + 26 - -17 - (10 - 0).
16
Evaluate (-12 - -3) + 2 + 0 - (3 - -12).
-22
10 + -14 - (-2 + 1)
-3
-28 - (-6 - (5 + 5))
-12
What is 17 + -11 + -1 + (-4 -